is the greatest common factor of 64 and h?
8
Let t(r) = -r + 170. Let c be t(-19). Calculate the highest common divisor of c and 6.
3
Let b = -15 - -22. Suppose -3*p + 111 = 33. Suppose -f - 5*w = 6, -3*f - 3*w = w - p. Calculate the greatest common factor of f and b.
7
Let b(q) = -q**2 - 52*q - 157. Let s be b(-46). What is the highest common factor of s and 102?
17
Suppose -8 = 3*z - 47. Calculate the greatest common factor of 52 and z.
13
Let y be 28 + (-44)/33*(-6)/2. What is the greatest common factor of 2272 and y?
32
Let u(h) = 21*h - 78. Let v be u(7). Calculate the greatest common divisor of 276 and v.
69
Let k(w) = -3*w**3 + 5*w**2 - 4*w + 26. Let r be k(-5). Calculate the highest common divisor of r and 39.
39
Let v(o) = o**3 + 2*o**2 - 3*o + 1. Let k = 23 - 21. Let g be v(k). Calculate the greatest common factor of g and 77.
11
Let a = -1018 - -1198. What is the highest common divisor of 45 and a?
45
Suppose w = -4*h + 95, -16*w + 18*w - 118 = -5*h. Calculate the greatest common factor of 112 and h.
8
Let i(s) = -s**3 - 5*s**2 - 3*s - 4. Let q be i(-4). Let y(u) = u**2 + 6*u + 17. Let g be y(q). Calculate the greatest common divisor of 44 and g.
11
Let s = 153 + -145. Calculate the highest common divisor of s and 40.
8
Let z = 26 + -39. Let q = z + 142. Calculate the greatest common divisor of q and 86.
43
Let k(x) = -4*x. Suppose -2*v = -4*f - 0*f - 4, -3*v + 2 = -4*f. Let c be k(f). Calculate the greatest common divisor of c and 40.
8
Suppose 4*a + 0*h = 3*h - 45, 2*h - 34 = 3*a. Let d be a*(-1 - 38/8). Suppose 0 = z - 4*z + d. Calculate the greatest common factor of 69 and z.
23
Let b be (12 + -3)*2/3. Calculate the highest common divisor of 72 and b.
6
Let r be 41 + 2 + (-3 - -10) + -10. What is the highest common divisor of 940 and r?
20
Let t(l) = -2*l + 6. Let g be t(4). Let y be (g + (-15)/(-10))*-10. What is the highest common divisor of 50 and y?
5
Suppose 2*r + 2*z = 32, -9*r = -14*r + 5*z + 60. Calculate the greatest common divisor of 35 and r.
7
Let j(g) = -g**3 + 10*g**2 - 6*g - 9. Let v be j(7). Calculate the greatest common divisor of v and 72.
24
Let x(b) be the first derivative of -b**3/3 - 5*b**2/2 - 2*b - 35. Let w be x(-3). What is the greatest common divisor of 36 and w?
4
Let s = -1511 - -1535. Suppose n - 48 = 72. What is the highest common divisor of n and s?
24
Suppose -2*g + 5*g - k + 2 = 0, 12 = -2*g - 2*k. Let f(r) = -3*r + 1. Let x be f(g). What is the greatest common factor of x and 63?
7
Let t = 281 - 176. Let j be (0/1 + 1)*-3. Let y = 18 + j. What is the highest common factor of y and t?
15
Let t = -14 + -11. Let i = t + 26. Calculate the greatest common divisor of 7 and i.
1
Suppose 5*i - i - 272 = -2*d, 3*d - 3*i = 390. Let w = d + -90. What is the highest common factor of 6 and w?
6
Let y be 4/6 - 56/(-24). Suppose 180 + 45 = y*g. Let x be ((-60)/(-2))/(-16 + 18). What is the greatest common divisor of g and x?
15
Let c(q) = -7*q - 12. Let x be c(-11). Suppose 0 = -2*f - l - 3*l + 36, 5*f = -4*l + 96. Let a = f + -7. Calculate the highest common divisor of a and x.
13
Let a be 4 - (-2)/1 - 4. Suppose a*q + q - 54 = 0. Calculate the highest common factor of q and 27.
9
Let s(c) = 185*c**2 + 32*c + 185. Let t be s(-5). Calculate the highest common divisor of t and 62.
62
Let b = -457 + 464. What is the greatest common factor of 91 and b?
7
Suppose d + 2*d = 30. Let n = -5 - -4. Let w be (-2)/(-1) - 23/n. Calculate the greatest common divisor of w and d.
5
Let p be 36/5*(464/(-32) - -17). Calculate the greatest common divisor of p and 1359.
9
Let w = -711 + 837. Calculate the greatest common divisor of w and 48.
6
Suppose -4*i + 3*f = -544, -5*i + 2*f + 687 = -0*i. Let v = -62 + i. What is the highest common factor of 7 and v?
7
Let w be -6 + (-16)/(-4) - -32. Suppose 2 = 4*v - w. What is the highest common factor of v and 2?
2
Let u = -10 - -20. Let c be (-412)/u + 4/20. Let l = 68 + c. Calculate the highest common divisor of l and 9.
9
Let x(i) = i**2 + 4*i + 4. Let s be x(-4). Suppose -4*o + 0*n = 2*n - 574, -2*n - 448 = -3*o. Let a = o - 142. What is the greatest common divisor of s and a?
4
Let y = -1071 + 2383. Let c be (y/(-20))/(4/(-20)). Calculate the highest common divisor of c and 41.
41
Let c(l) = 13*l + 2. Let b = -9 - -3. Let u(f) = f. Let k(g) = b*u(g) - c(g). Let n be k(-1). Calculate the greatest common divisor of n and 153.
17
Suppose 37 - 9 = q. Let v = q - 27. What is the greatest common factor of v and 1?
1
Let m(f) = 58*f**2 - 2*f + 2. Let b be m(1). Suppose b = 3*q - 2. What is the greatest common factor of 220 and q?
20
Let s be 4/8*(1 - -11). Let c(h) = h**3 + 10*h**2 + 16*h + 6. Let w be c(-9). Let x = 66 + w. What is the highest common factor of s and x?
3
Let y = -455 + 551. Let d = 38 + -14. What is the highest common divisor of y and d?
24
Let r = 336 - 321. Calculate the greatest common factor of r and 165.
15
Let x(f) = 6*f + 4. Let o be x(5). Let i = -53 + 39. Let c(v) = v + 65. Let n be c(i). Calculate the greatest common factor of n and o.
17
Let o = 444 + -288. Calculate the highest common divisor of o and 36.
12
Suppose -399 - 825 = -2*y + 3*z, -5*z - 2452 = -4*y. Calculate the highest common divisor of 12 and y.
6
Let m be (1173/17)/(((-9)/2)/(-3)). Let n = -2 + 7. Suppose 2*s = -0*s + 10, 3*g - m = -n*s. What is the greatest common factor of g and 21?
7
Suppose -9*g = 7*g - 112. Suppose u = -4*w - 4*u + 100, 0 = 2*w + 3*u - 48. Suppose w = g*h - h. Calculate the greatest common factor of h and 5.
5
Let r be -7*620/(-70) + -8. Calculate the greatest common factor of r and 1674.
54
Suppose o - 390 = -3*d - 4*o, -5*d = -o - 650. Calculate the highest common factor of d and 65.
65
Let o = 17 + -11. Suppose 2*z + 177 = 777. Let f be z/8*8/o. What is the greatest common factor of 10 and f?
10
Suppose -3*f - 3*k + 117 = 0, 5*f = 3*k + k + 168. Let h = f - 30. Let s = -13 + 61. Calculate the greatest common divisor of h and s.
6
Suppose 2*s + 10*s - 36 = 0. What is the greatest common divisor of 81 and s?
3
Let s(z) = z**2 - 8*z + 10. Let q be s(7). Suppose -5*w + q = -52. Let r = w - 9. Calculate the highest common divisor of 5 and r.
1
Suppose -3*i = c - 6*c - 1, -4*c - 4 = -4*i. Suppose 3*m - 82 = -i*d, 4*m + 80 = 6*m - 5*d. What is the highest common factor of m and 10?
10
Suppose 0 = c - 8*z + 10*z - 1, 7 = 3*c + 2*z. What is the highest common divisor of c and 339?
3
Let m(a) = 3*a**3 + 3*a**2 - 2*a - 2. Let o be m(2). Suppose 4*v + 4*q - 52 = 0, -4*v - 3*q + 14 = -37. Calculate the greatest common factor of v and o.
6
Let n be (-129)/(-6) + 18/12. Suppose 14*h - 506 = 12*h. What is the greatest common factor of h and n?
23
Let f(t) = -2*t - 2. Let c be f(-7). Let n = -40 + 36. Let a be 27 + (n - (-1)/1). Calculate the greatest common factor of a and c.
12
Let u = 63 + -47. Suppose 2*x + 10 = -5*m + 40, 3*m = -5*x + 37. Calculate the greatest common divisor of u and m.
4
Suppose -3*a + a - 50 = 0. Let t be -6*(-3 - a/15). Suppose w + 5 = 25. What is the highest common factor of t and w?
4
Suppose 2*m - 5*o - 105 = 0, -32 = 4*m - 3*o - 221. What is the greatest common divisor of 27 and m?
9
Suppose 4*k - 2*j - 98 = 0, -4*k + 2*j + 120 = k. Calculate the greatest common factor of 484 and k.
22
Let y = -1161 - -1163. Let g be -2*1 - (0 + -4). What is the greatest common factor of g and y?
2
Suppose -36 = 136*t - 137*t. Calculate the greatest common factor of t and 9.
9
Suppose -r + 21 = k, 3*r - 2*r - 38 = -2*k. Let p(m) = -11*m - 92. Let x be p(-13). Calculate the highest common factor of x and k.
17
Let t be (-6)/(-27) + 2128/63. What is the highest common factor of 170 and t?
34
Let b(a) = 13*a + 2. Let r be b(1). Let j(d) = -4*d + 20. Let g be j(r). Let c be (70/g)/(2/(-8)). Calculate the greatest common divisor of c and 63.
7
Let r be (12/(-16))/((-3)/520). Calculate the greatest common factor of r and 715.
65
Suppose -2*r + 222 = o, 0*o + 2 = o. What is the highest common factor of 10 and r?
10
Let u(h) = h**3 - 10*h**2 + 10*h - 7. Let y be u(7). Let d = y - -58. Let p = -7 - d. What is the greatest common factor of 190 and p?
19
Suppose 2*x + 2 = 0, p = -2*p + 4*x + 34. Suppose 0 = p*v - v - 45. Calculate the greatest common factor of 10 and v.
5
Suppos